0136?
True
Is 108 a factor of 76829580?
True
Is 46 a factor of 65279854?
False
Does 649 divide 7679617?
True
Is 75897450 a multiple of 706?
False
Is 508 a factor of 375857272?
False
Is 15 a factor of 309567345?
True
Does 4 divide 432962103?
False
Is 29 a factor of 4265030?
True
Does 195 divide 3635994180?
True
Is 31297972 a multiple of 42?
False
Is 4 a factor of 687469728?
True
Is 17 a factor of 105598883?
True
Does 129 divide 52427793?
True
Is 89316345 a multiple of 3055?
False
Is 26 a factor of 178773634?
True
Is 11 a factor of 59955518?
False
Is 6087001 a multiple of 251?
True
Is 5728 a factor of 196032077?
False
Is 74 a factor of 160621440?
True
Is 51 a factor of 389621129?
False
Is 28245339 a multiple of 1098?
False
Is 5 a factor of 55500950?
True
Is 650 a factor of 60534564?
False
Does 4833 divide 880385581?
False
Does 3618 divide 525275556?
False
Is 17595069 a multiple of 1587?
True
Does 53 divide 88924154?
False
Is 110660676 a multiple of 1227?
True
Is 30 a factor of 308118270?
True
Is 89 a factor of 1366132?
False
Is 479646765 a multiple of 1053?
True
Does 4786 divide 784645556?
True
Is 13282531 a multiple of 4?
False
Is 807477531 a multiple of 7?
True
Is 2655123920 a multiple of 6970?
True
Is 148 a factor of 14875480?
True
Does 95 divide 355979915?
True
Is 10 a factor of 50733791?
False
Is 710601848 a multiple of 18?
False
Is 11 a factor of 78676637?
False
Is 297 a factor of 506427686?
False
Does 3989 divide 367503676?
False
Does 248 divide 2637934284?
False
Is 1957704805 a multiple of 1805?
True
Is 8 a factor of 65671448?
True
Is 133123337 a multiple of 1229?
False
Is 1270940 a multiple of 3?
False
Does 215 divide 142997360?
True
Does 1340 divide 352513800?
True
Is 1454145088 a multiple of 7744?
True
Is 7 a factor of 29124571?
True
Is 22225607 a multiple of 210?
False
Does 24 divide 14740152?
True
Does 922 divide 775839950?
True
Is 8021 a factor of 1053668594?
False
Is 28479710 a multiple of 14?
True
Is 12021707 a multiple of 31?
True
Does 10 divide 11185437?
False
Is 1969656760 a multiple of 983?
True
Does 5267 divide 357914513?
False
Is 1054865169 a multiple of 2289?
False
Is 2022 a factor of 26926974?
True
Is 985 a factor of 3437790855?
True
Does 213 divide 375048483?
True
Is 630414400 a multiple of 850?
True
Does 2659 divide 194136371?
False
Is 4 a factor of 507736924?
True
Is 279 a factor of 48812445?
True
Is 435204672 a multiple of 96?
True
Does 13 divide 110140662?
False
Is 1854 a factor of 112543287?
False
Is 317 a factor of 935184396?
False
Is 6640200 a multiple of 168?
True
Is 12 a factor of 34641444?
True
Does 1929 divide 65323608?
False
Is 96206864 a multiple of 49?
False
Is 71940271 a multiple of 228?
False
Is 6094614 a multiple of 9?
False
Is 10 a factor of 93142323?
False
Is 1597 a factor of 27443646?
False
Is 21 a factor of 48823412?
False
Is 1444815 a multiple of 5?
True
Is 7970633 a multiple of 209?
True
Is 52686000 a multiple of 1125?
True
Is 54 a factor of 10336573?
False
Is 2174 a factor of 274577660?
False
Is 372884986 a multiple of 85?
False
Is 1357621797 a multiple of 291?
True
Does 1934 divide 32278460?
True
Is 28826792 a multiple of 569?
False
Is 56 a factor of 9125274?
False
Does 6 divide 688298298?
True
Does 5 divide 3988016?
False
Does 1461 divide 957757089?
True
Is 739818434 a multiple of 4111?
False
Does 340 divide 11699554?
False
Is 226159866 a multiple of 18?
True
Does 32 divide 133159904?
True
Is 945 a factor of 21228554?
False
Is 931 a factor of 112518055?
False
Is 2512165 a multiple of 5?
True
Does 802 divide 77121924?
True
Is 422 a factor of 133297140?
True
Is 2049945533 a multiple of 15?
False
Is 150474905 a multiple of 26?
False
Does 208 divide 37732864?
True
Is 994 a factor of 1286189282?
True
Does 165 divide 402908055?
True
Is 970 a factor of 1182740033?
False
Is 45596065 a multiple of 54?
False
Does 5085 divide 1054962423?
False
Does 32 divide 76586822?
False
Is 9 a factor of 446294502?
True
Is 587 a factor of 60776519?
False
Is 2395252406 a multiple of 2018?
False
Does 3174 divide 2727012754?
False
Does 147 divide 12687717?
True
Is 372 a factor of 14684700?
True
Is 463680720 a multiple of 135?
True
Is 24299863 a multiple of 103?
True
Is 1681949808 a multiple of 168?
True
Is 67422544 a multiple of 8?
True
Is 5202755 a multiple of 14?
False
Is 3163 a factor of 548910183?
True
Is 623 a factor of 1341976888?
True
Is 16911518 a multiple of 24?
False
Is 773280 a multiple of 48?
True
Does 81 divide 63785232?
True
Is 708565 a multiple of 56?
False
Is 174972916 a multiple of 2?
True
Is 169550752 a multiple of 574?
False
Is 797 a factor of 64986583?
True
Is 442 a factor of 104156416?
True
Is 50 a factor of 48458000?
True
Does 14 divide 1612388274?
True
Is 219 a factor of 117335163?
True
Does 887 divide 28757321?
False
Is 3 a factor of 773232?
True
Is 165849497 a multiple of 6?
False
Is 198049959 a multiple of 9?
True
Is 10 a factor of 4753669?
False
Is 5228 a factor of 1192075611?
False
Is 488598912 a multiple of 888?
True
Is 2637440 a multiple of 10?
True
Is 28 a factor of 64015021?
False
Is 1460801065 a multiple of 155?
True
Is 277 a factor of 12444225?
True
Is 32 a factor of 405671424?
True
Is 19118625 a multiple of 425?
True
Is 3281966 a multiple of 101?
False
Is 1013933947 a multiple of 76?
False
Is 46849014 a multiple of 8?
False
Does 24 divide 392293464?
True
Is 8817 a factor of 55317858?
True
Is 1788 a factor of 24647010?
False
Does 10 divide 1084965301?
False
Does 1929 divide 175718761?
False
Is 7822192 a multiple of 10?
False
Does 934 divide 47605452?
False
Is 21538361 a multiple of 9?
False
Is 20318961 a multiple of 2746?
False
Is 320263761 a multiple of 928?
False
Is 72955330 a multiple of 119?
True
Is 501605654 a multiple of 1186?
True
Is 82 a factor of 1557092689?
False
Does 87 divide 37163970?
False
Does 148 divide 1662428910?
False
Does 121 divide 5089260?
True
Does 641 divide 87061310?
False
Does 240 divide 3363177?
False
Is 31684617 a multiple of 961?
False
Is 5964 a factor of 406703052?
True
Is 9432018 a multiple of 1026?
True
Is 7055 a factor of 1721557803?
False
Is 3 a factor of 998533733?
False
Is 14 a factor of 7175247?
False
Is 21 a factor of 725084864?
False
Is 57368404 a multiple of 101?
True
Is 108 a factor of 455004035?
False
Is 16 a factor of 3137167?
False
Is 62445945 a multiple of 186?
False
Is 11 a factor of 20404598?
False
Is 116285719 a multiple of 75?
False
Does 420 divide 23805600?
True
Is 51954140 a multiple of 70?
True
Does 2021 divide 1548058532?
False
Does 15 divide 3669911056?
False
Does 138 divide 22128714?
True
Is 29470254 a multiple of 1349?
True
Does 1238 divide 3083555430?
False
Is 16 a factor of 729995598?
False
Does 21 divide 149187108?
True
Is 178990146 a multiple of 58?
True
Does 96 divide 99780384?
True
Does 123 divide 3274067259?
True
Is 927 a factor of 17630025?
False
Does 10 divide 530253137?
False
Does 592 divide 1551569840?
True
Is 46 a factor of 691318360?
True
Does 130 divide 75884290?
False
Does 21 divide 48206762?
False
Does 55 divide 23329301?
False
Is 717123420 a multiple of 1576?
False
Is 3 a factor of 45825433?
False
Is 76854583 a multiple of 1339?
True
Is 141 a factor of 41218953?
True
Is 235179417 a multiple of 1885?
False
Is 27239297 a multiple of 59?
True
Is 14 a factor of 6485010?
True
Is 382352755 a multiple of 69?
False
Is 38963262 a multiple of 78?
True
Does 29 divide 20151971?
False
Does 44 divide 289274431?
False
Does 44 divide 377452812?
True
Is 80850315 a multiple of 780?
False
Is 78220116 a multiple of 36?
True
Is 2127762949 a multiple of 43?
False
Is 6 a factor of 615464580?
True
Is 104042448 a multiple of 612?
True
Does 15 divide 58370505?
True
Is 37215699 a multiple of 273?
False
Is 461424804 a multiple of 19?
True
Does 157 divide 23153575?
True
Does 3523 divide 60830836?
False
Is 5379689 a multiple of 321?
False
Is 14 a factor of 716080250?
False
Is 13 a factor of 222643460?
True
Does 111 divide 41396182?
False
Is 142469722 a multiple of 113?
True
Is 81 a factor of 26390553?
False
Is 5396 a factor of 2042826287?
False
Is 51151244 a multiple of 28?
False
Is 25 a factor of 16980650?
True
Is 126 a factor of 280031444?
False
Is 35 a factor of 3981267715?
False
Is 139983448 a multiple of 121?
True
Is 3155668336 a multipl